1 - 4 - i**3 + 3*i. Determine l(2).
-4
Let g(i) = i**2 - 2*i - 2. Let k be (-2)/(-6) - 24/(-9). Suppose l - k*w + 0*w = -3, 4*w - 14 = -2*l. What is g(l)?
1
Suppose 2*y - 27 = 3*k - y, 0 = -4*k - 2*y - 12. Let d(b) = -b**3 - 6*b**2 - 5*b + 7. What is d(k)?
7
Let s(p) = p**3 + p**2 + p + 4. Let v(h) = -h**3 + h**2 + 3*h - 5. Let n(r) = -2*s(r) - v(r). Suppose -5*g - 15 + 0 = 0. Calculate n(g).
12
Let u(a) = a**3 - 9*a**2 + a - 11. Suppose 3*j = j + 18. What is u(j)?
-2
Let i = -3 - 0. Let v(h) be the second derivative of h**4/12 + h**3/2 + 3*h**2/2 - 7*h. Determine v(i).
3
Let x(l) be the first derivative of -l**2/2 - l + 6. Calculate x(7).
-8
Let k(w) = -2*w**2 + 2. Suppose -9 = -3*g - 3. Let u(d) = 3*d**2 - 1. Let t(f) = 2*f + 11. Let r be t(-4). Let i(h) = g*k(h) + r*u(h). Determine i(-1).
6
Let k(a) = 2*a - 8. Let s = 23 - 13. Let d be ((-6)/s)/((-2)/20). Calculate k(d).
4
Let s be 2/(-16) - (-3)/24. Let a(b) be the second derivative of -b + 1/6*b**3 + s + 5/2*b**2. Give a(-5).
0
Let a(f) = -f**2 + 4*f - 2. Let r be a(4). Let x be -8 + (-4)/2 + r. Let s = -7 - x. Let o(p) = -p**3 + 6*p**2 - 6*p + 6. Calculate o(s).
1
Let d(l) = -l**3 + 6*l**2 - 5*l - 6. Let m(f) be the third derivative of f**6/120 - 11*f**5/60 + 11*f**4/24 - 5*f**3/6 + 3*f**2. Let t be m(10). Calculate d(t).
-6
Let m be ((-12)/9)/(2/6). Let n = -2 - m. Let t(p) = -3*p**2 + 8*p - 4. Let x(v) = 3*v**2 - 9*v + 5. Let a(g) = -7*t(g) - 6*x(g). What is a(n)?
6
Let x(z) = z**2 - 2*z + 5. Let q(m) = -m**2. Let y(w) = -w**2 - 2*w + 6. Let c(o) = 2*q(o) - y(o). Let g(b) = -6*c(b) - 7*x(b). Calculate g(2).
1
Let n(d) = -2*d - 2. Let u = -3 - 0. What is n(u)?
4
Let h(i) be the third derivative of i**7/840 + i**6/72 - i**5/120 - i**4/6 + i**3/2 + i**2. Let j(k) be the first derivative of h(k). Calculate j(-5).
1
Let b(f) = 4*f - 6. Let d be (-105)/(-14)*(-2)/(-3). Calculate b(d).
14
Let y(i) = 5*i**3 + 16*i - 36. Suppose 3*w - 4*w + r + 16 = 0, 5*w = 2*r + 65. Let f(n) = n**3 + 3*n - 7. Let j(l) = w*f(l) - 2*y(l). Determine j(0).
-5
Suppose 0 = -k - 3 + 6. Let c(r) be the third derivative of 0 - 1/3*r**k + 1/12*r**4 + 0*r - 4*r**2. Determine c(-3).
-8
Suppose -12 = -x - 3*t - 1, x + 7 = 3*t. Let s = -1 + x. Let g be (-9 + s)*(-3)/6. Let k(u) = u**2 - 3*u - 1. Determine k(g).
3
Let t(y) = 4*y - 5. Let a(r) = -4*r + 5. Let k(d) = -6*a(d) - 5*t(d). Determine k(4).
11
Let u(f) = -f + 1. Let m(k) = k**3 + 7*k**2 + 5. Let p be m(-7). Suppose 35 = -z + p*i + 11, 2*i = 2*z + 8. Let d be u(z). Let j(q) = q**2 - 5. Determine j(d).
-5
Let b(z) = 6 + 8 - z**3 - 10*z + 4*z**2 - 12 + 6*z**2. Calculate b(9).
-7
Let u(v) = -2*v**2 - v - 12. Let j(g) = g**2 + g + 6. Let m(y) = -7*j(y) - 3*u(y). Suppose 0*b + 12 = -3*b. Give m(b).
-6
Let q = 17 + -14. Suppose -x = -1 - q. Let h(g) = -g**3 + 3*g**2 + 4*g - 6. Determine h(x).
-6
Let o(y) be the second derivative of 0 + 1/20*y**5 + 2/3*y**3 - 1/2*y**4 + 0*y**2 + 6*y. Calculate o(5).
-5
Let x(g) = -1 - g**2 + 13 - 11 + g + 0. Suppose 2*z - z = 2. Calculate x(z).
-1
Let i(m) be the second derivative of 5*m**2 + 4*m + 0 - 1/6*m**3. Give i(0).
10
Let v(c) = 3*c - 4. Let r(h) = -h**3 - 8*h**2 - 8*h - 3. Let l(i) = i**2 - 7. Let d be l(0). Let k be r(d). What is v(k)?
8
Let y(o) be the third derivative of -o**4/24 - o**3/3 + 3*o**2. Let f be (-7 - -3)/2 + -5. Let x = 5 + f. What is y(x)?
0
Let f(m) be the first derivative of -m**2/2 + 5*m + 12. What is f(-4)?
9
Let i(y) = y + 11. Let b be i(-7). Let c(t) = -t**2 + 3*t + 1. Let n(p) = 2*p**2 - 7*p - 2. Let a(g) = -5*c(g) - 2*n(g). What is a(b)?
11
Let d(b) = -2*b - 3. Suppose -5*p + 29 = -2*g, -p - 7 = -5*g - 22. Let n(o) = o - 1. Let k(u) = g*n(u) + d(u). Determine k(-2).
7
Let m(b) be the second derivative of -b**3/2 - 3*b**2/2 + 3*b. Let i be (-12)/10*20/6. Determine m(i).
9
Let a(z) = -4 - z + 5 + 6. Determine a(3).
4
Let h be (-2 + 2/3)*3. Let f(i) = 0*i + 4 - 6*i + 5*i. Determine f(h).
8
Let h(t) be the second derivative of t**5/20 - t**4/12 + t**3/6 + 5*t**2 - 8*t. Determine h(0).
10
Let p(v) be the second derivative of v**6/240 + v**5/120 + v**4/6 + v. Let h(y) be the third derivative of p(y). Calculate h(2).
7
Let a(g) = -g**3 + 8*g**2 + 7*g + 9. Suppose -3*p = -i + 3, 0*i = -4*i + p + 34. Calculate a(i).
-9
Let k(o) = 4*o**2 + 3*o + 1. Let i(t) = -11*t**2 - 10*t - 4. Let r(s) = 3*i(s) + 8*k(s). Let l = 20 - 4. Suppose -3*d + 7*d = -l. Determine r(d).
4
Let b(y) = y + 9. Suppose 1 = -f - 6. Give b(f).
2
Let o be 1/2 - (-9)/(-2). Let t(c) be the first derivative of c**2/2 - c + 55. What is t(o)?
-5
Let w(c) = -c**3 + 23*c**2 + 24*c + 2. Let j be w(24). Let b(z) be the first derivative of z**2 - 1/4*z**4 + j*z - 1 + z**3. Give b(4).
-6
Let n = -60 - -60. Let a(o) be the third derivative of o**2 + 1/24*o**4 + n + 0*o + 2/3*o**3. Calculate a(-4).
0
Let j be ((-9)/6)/((-3)/(-4)). Let d(p) = -2*p - p**3 - 2*p**2 + 0 + 5 - 6. Calculate d(j).
3
Let b(g) be the third derivative of g**6/120 - g**5/60 - 11*g**3/6 + 10*g**2. Give b(0).
-11
Let j(h) = -h**2 - 5*h - 3. Let c(l) = 4 + 2*l + 2*l**2 + 9*l - 4*l - 3*l**2. Let u be c(8). Determine j(u).
1
Suppose -2*y = -7*y + 25. Let b(m) = -7*m**3 + 5*m**2 + 2*m + 9. Let f(r) = -4*r**3 + 2*r**2 + r + 5. Let k(z) = 3*b(z) - 5*f(z). Determine k(y).
7
Let z(n) = 2*n**2 + 2*n + 1. Suppose -4*x - y = -16, -4 = -3*x + 2*x - y. Suppose 0*f + x = -4*f. What is z(f)?
1
Let x(i) be the third derivative of -i**5/30 + i**3/6 - 9*i**2. Give x(-2).
-7
Let x(h) = h**3 - 7*h**2 + 0*h**3 - 2*h + h**2 + 0 + 3. Calculate x(6).
-9
Let q = 2 + -12. Let j be 11/2 + 5/q. Let s(f) = -f**2 + 5*f - 5. What is s(j)?
-5
Let g(f) = 9*f**3 + f**2 - f - 1. Let d(b) = -2 + 2*b + 3 + b**2 - 5*b. Let s be d(1). Determine g(s).
-8
Let c(u) be the first derivative of -3*u**2 + 17*u + 1. Suppose w + 0 = 6. Let f(d) = 2*d - 6. Let r(n) = w*c(n) + 17*f(n). Give r(-2).
4
Let p(j) be the first derivative of 9*j**5/20 - j**4/6 + j**3/3 - j**2/2 - 6*j - 4. Let i(c) be the first derivative of p(c). Determine i(1).
8
Let s = -10 - -10. Suppose s*q + 2*q + 2*f + 4 = 0, -4*q - 10 = 3*f. Let w(i) = -i**2 - i + 4. Calculate w(q).
-8
Let f(i) = i**2 - 2*i + 2. Let t be -7 + (4 - (2 - 0)). Let v(o) = o**2 + 3*o - 7. Let m be v(t). Calculate f(m).
5
Let z(l) = -50*l**2 + 105*l**2 - 54*l**2. Calculate z(3).
9
Let k(r) be the first derivative of r**3/3 - 2*r**2 + 21. Give k(4).
0
Suppose 3 = 4*b - 13. Let p(s) = -5*s - 4 - 2 + b*s. Let h(k) = k - 4. Let f be h(4). Determine p(f).
-6
Let r(h) = h**2. Let s(m) = 5*m**2 - m + 1. Let w(a) = 6*r(a) - s(a). Calculate w(-1).
-1
Let y(p) be the second derivative of -p**4/2 - p**3/6 - p**2/2 + 7*p. Determine y(-1).
-6
Let t(x) be the first derivative of 8 + x - 3/2*x**2 + 1/4*x**4 + 2/3*x**3. Give t(-3).
1
Let q(g) = g**2 - 2*g + 1. Let b be q(1). Let d = -2 - b. Let l(s) be the third derivative of s**5/30 + s**4/6 + s**3/2 + 2*s**2. Give l(d).
3
Let m(z) = z**2 - 6*z - 4. Suppose -6 = -g + 1. Let t(i) = 2*i - 9. Let q be t(g). Calculate m(q).
-9
Let b(i) be the second derivative of i**3/6 + 4*i**2 - 3*i. Let y be b(-6). Let p(d) = -5*d + y*d - d**2 - 2 + 6 + d. Give p(-3).
1
Let q(z) be the third derivative of z**5/15 + z**4/12 + z**3/6 - 2*z**2. Give q(-2).
13
Let w(x) = -3*x**3 + 6 + 2*x**3 + 4. Let o = -167 - -167. Give w(o).
10
Let z(d) = -2 - 2*d**2 + 3*d**2 + 3 + 2*d. Let h = 52 + -53. What is z(h)?
0
Let s(g) = g**3 - 6*g**2 - 5*g. Let m(o) = o. Let v(l) = -5*m(l) - s(l). Give v(6).
0
Suppose 2*b + z = -z - 2, 0 = 4*b + 3*z. Let r(y) = -y**2 + 6*y - 1. Give r(b).
8
Let v(k) = -2*k + 5. Let q be v(6). Let c be (-3)/(-7) + (-39)/q. Let b(f) = -f**2 + 8*f - 4. Determine b(c).
8
Let r(i) = i**3 + i**2. Let t(d) = 4*d**3 + 9*d**2 - 2*d + 4. Let l(q) = 5*r(q) - t(q). What is l(4)?
4
Let y(m) be the third derivative of -m**5/30 - 5*m**4/24 - m**3/3 + 5*m**2. Calculate y(-3).
-5
Let m(x) = 2*x**3 + 11*x**2 + 11*x + 11. Let f = -2 + 0. Let p = -13 - -35. Let z(d) = d**2 + d + 1. Let t(l) = f*m(l) + p*z(l). What is t(-1)?
4
Let j(q) = -2*q + 3. Let k be j(3). Let n be 4/(-6)*(-9)/2. Let y(t) = t**2 - 1 - n*t + 0 - 2*t**2. Determine y(k).
-1
Let n(q) be the third derivative of q**5/60 - q**4/8 - 3*q**2. Let f(c) = 2*c**3 + 17*c**2 - 9*c + 5. Let i be f(-9). Give n(i).
10
Let l(f) =